se 8?
-532265
Convert 5b688 (base 13) to base 5.
20334343
-4120776 (base 10) to base 8
-17560310
What is 7b4b (base 16) in base 10?
31563
Convert -77823 (base 12) to base 6.
-3221243
Convert 39842 (base 10) to base 2.
1001101110100010
What is -835 (base 14) in base 8?
-3117
-2600460 (base 7) to base 2
-1010010000111111010
Convert -530694 (base 13) to base 15.
-285bc3
Convert -1032041423 (base 5) to base 16.
-21e5b0
52d0 (base 16) to base 14
7a24
What is -d43361 (base 15) in base 14?
-14a7562
2207400 (base 9) to base 15
1867dc
-66298b (base 12) to base 15
-220a12
223021312 (base 4) to base 11
11088a
Convert 342134a (base 11) to base 5.
3013134132
100011000010110111011 (base 2) to base 12
474677
What is 10133431 (base 7) in base 4?
3033032200
Convert 100101001101101010101 (base 2) to base 15.
191493
What is -231120103313 (base 4) in base 5?
-11021133210
-12625a4 (base 11) to base 13
-5b6646
What is -1373127 (base 8) in base 11?
-247631
Convert -11001111000000100000 (base 2) to base 5.
-204113104
50651 (base 12) to base 16
1989d
-22222001 (base 4) to base 10
-43649
What is -c096ad (base 16) in base 6?
-1130304445
What is -178d68 (base 16) in base 10?
-1543528
What is 22000504 (base 6) in base 14?
130172
What is -11011111101001011 (base 2) in base 10?
-114507
145049 (base 12) to base 6
11144133
-225342 (base 9) to base 6
-2521402
Convert -16320300 (base 7) to base 3.
-2222111221120
What is 1b24839 (base 12) in base 14?
aa3a8d
Convert 12111022033 (base 4) to base 10.
1659535
Convert 233213113 (base 4) to base 2.
101111100111010111
What is -b35bb5 (base 13) in base 6?
-225353134
What is -42457 (base 12) in base 13?
-30808
Convert 2a5e9 (base 16) to base 9.
284047
What is 2b0685 (base 13) in base 14?
1d774c
What is -138054 (base 11) in base 12?
-a4995
-28296a4 (base 13) to base 3
-212220022212122
Convert 1454261 (base 7) to base 16.
306fb
224340055 (base 6) to base 13
b19a22
Convert -2303202 (base 7) to base 6.
-10052000
What is 1020111201022 (base 3) in base 8?
2410121
10111100101110010 (base 2) to base 7
551465
Convert -3330121321 (base 4) to base 3.
-1221112011201
What is -755257 (base 11) in base 9?
-2240360
-778a7 (base 13) to base 4
-310323123
What is -121011111 (base 4) in base 2?
-11001000101010101
Convert -d4636 (base 16) to base 13.
-245c78
-b84683 (base 14) to base 11
-3579a41
What is 4762072 (base 8) in base 7?
14036420
Convert 4255312 (base 7) to base 12.
20b99a
20200200011 (base 3) to base 13
47c47
Convert -2308132 (base 9) to base 6.
-42412215
What is 10c58 (base 13) in base 8?
73706
-3b624 (base 12) to base 4
-110002330
Convert 3063025 (base 7) to base 12.
159241
What is -1203224103 (base 5) in base 2?
-1010101000111110011110
413603 (base 8) to base 4
201132003
32434 (base 13) to base 8
261254
118985 (base 13) to base 15
84275
Convert -2b5a3 (base 16) to base 13.
-62a94
What is -478dc (base 15) in base 10?
-228132
What is -1ebd (base 15) in base 2?
-1101000101111
Convert c557d (base 15) to base 8.
2305722
58808 (base 12) to base 8
347610
29920 (base 11) to base 13
16395
-13046 (base 14) to base 2
-1011011001110110
-102063605 (base 7) to base 12
-2021475
171520 (base 8) to base 14
189b2
Convert -1759367 (base 10) to base 4.
-12231202013
What is 2413275 (base 9) in base 13?
36a4c9
What is 1724508 (base 9) in base 11?
5a7210
-13180245 (base 9) to base 15
-882a22
What is 188b6b (base 12) in base 2?
1101001000010000011
Convert a13c6 (base 13) to base 11.
187811
35465 (base 12) to base 6
1311005
-478dd (base 15) to base 13
-7cab9
What is -240984 (base 10) in base 13?
-858c3
Convert -78143 (base 11) to base 4.
-123222113
-15380311 (base 9) to base 12
-269a83a
-28f7c (base 16) to base 12
-81138
Convert 1011011100100011110 (base 2) to base 9.
631444
147323 (base 8) to base 16
ced3
-33106 (base 11) to base 13
-18b38
What is 476506 (base 9) in base 14?
767b6
-1b1c16 (base 14) to base 12
-3a68b8
11113312 (base 4) to base 13
a02a
What is -14bb5 (base 15) in base 11?
-46190
-45ed7 (base 15) to base 16
-36607
-7037041 (base 8) to base 3
-10111000222100
What is -193ba57 (base 12) in base 15?
-6ecbea
Convert -4410443324 (base 5) to base 7.
-143324134
150441450 (base 6) to base 11
1839094
Convert 3377417 (base 9) to base 10.
1822840
-596a468 (base 12) to base 14
-2428d44
What is 1111100011101111 (base 2) in base 6?
1211011
Convert 32442 (base 14) to base 4.
131223222
What is -236981 (base 10) in base 9?
-401062
Convert ade23 (base 15) to base 14.
105900
Convert 68785a (base 11) to base 3.
2001120101112
What is -410142134 (base 5) in base 3?
-10002122122010
Convert -103232302 (base 5) to base 10.
-445952
Convert 1107226 (base 9) to base 7.
5030652
What is -220002122112 (base 3) in base 10?
-474323
What is -2021220022 (base 3) in base 6?
-544525
1010222112011 (base 3) to base 8
2247042
Convert -3280221 (base 9) to base 7.
-21001015
Convert -1c40d (base 14) to base 10.
-72141
What is 116a719 (base 11) in base 3?
10211100222212
-a6c11 (base 14) to base 2
-1100010011000101111
Convert 201122111020121 (base 3) to base 4.
213311032231
What is -333230020302 (base 4) in base 15?
-16ebdc3
What is -44475166 (base 8) in base 3?
-200001201011222
11312122100 (base 4) to base 16
176690
What is -100001001010001000 (base 2) in base 13?
-49a85
Convert 402fc (base 16) to base 10.
262908
-17091 (base 10) to base 16
-42c3
-72421 (base 15) to base 12
-155634
424860b (base 12) to base 11
7094a12
110111010001011010 (base 2) to base 14
5c710
Convert 31747 (base 9) to base 7.
115201
Convert 1eb8d6 (base 15) to base 14.
2b340b
Convert -443317 (base 11) to base 5.
-140112032
What is 30012103303 (base 4) in base 9?
5863517
What is b97036 (base 14) in base 6?
342343000
What is -55037 (base 12) in base 7?
-645406
Convert ae83 (base 15) to base 10.
37023
Convert 47501c (base 13) to base 2.
110011110000101101101
250b36 (base 13) to base 4
3120213333
What is 1a744 (base 12) in base 10?
39076
What is -44133 (base 8) in base 7?
-105001
What is b969 (base 15) in base 6?
501413
What is -2b031 (base 12) in base 4?
-32301211
4583 (base 13) to base 15
2d45
13030431 (base 5) to base 4
133000033
Convert -42104402 (base 5) to base 16.
-54d55
What is -120222010221002 (base 3) in base 4?
-200113311131
What is -221a98a (base 11) in base 10?
-3894362
1eea64 (base 15) to base 16
172897
Convert 216454 (base 10) to base 13.
776a4
-11403125 (base 6) to base 11
-2252a6
What is -11202113311 (base 4) in base 3?
-2201202002121
What is 3e419 (base 15) in base 7?
1462143
Convert -46b1d (base 16) to base 12.
-11b6a5
-11115a (base 13) to base 2
-1100010001101110111
What is -293079 (base 10) in base 8?
-1074327
What is 1132010 (base 7) in base 8?
426020
What is -1447526 (base 8) in base 7?
-3341421
Convert 9665125 (base 10) to base 6.
543053541
What is 53547 (base 15) in base 6?
5400134
What is -10100212230 (base 4) in base 3?
-2002201200010
Convert 4421344 (base 6) to base 7.
1606234
Convert -4bb92 (base 13) to base 9.
-233517
What is -26719 (base 11) in base 3?
-1221022102
Convert -56097 (base 14) to base 2.
-110010111100100101
-2101101011112 (base 3) to base 12
-511358
What is 4044099 (base 11) in base 14?
d41ab6
-31666410 (base 7) to base 5
-1143041122
-230463 (base 9) to base 14
-384ca
What is 10001133 (base 4) in base 15?
4d39
What is 13a2523 (base 11) in base 6?
123311320
3841204 (base 9) to base 15
2b5604
2222001212 (base 3) to base 6
1130122
-4313121432 (base 5) to base 9
-18131037
Convert e201c3 (base 15) to base 13.
22ba344
-10304413 (base 5) to base 2
-10101100000101100
-1202210021200 (base 3) to base 12
-394409
452077 (base 8) to base 12
743bb
2221120121012 (base 3) to base 15
20e16e
Convert 43977 (base 12) to base 13.
3198a
-110001121111 (base 3) to base 13
-84073
What is -124a8 (base 11) in base 10?
-17905
What is b6bb56 (base 13) in base 8?
20252526
Convert -1619332 (base 10) to base 13.
-4490b0
What is 862c9c (base 13) in base 2?
1100000000100111100101
-100786 (base 10) to base 8
-304662
28b6d5 (base 15) to base 11
1120443
What is -5356326 (base 8) in base 9?
-2623368
9c2837 (base 16) to base 6
1003203115
-10715261 (base 8) to base 4
-20321222301
What is -2e59f (base 16) in base 4?
-232112133
What is 7356d (base 14) in base 16?
43ecd
Convert -248354 (base 13) to base 7.
-10302653
-116531 (ba